- 7. What is l(-15)?
-22
Let y(p) = -p**2 + 7*p - 12. What is y(8)?
-20
Let a(r) = 5*r - 18. Determine a(4).
2
Let l(h) = 7*h + 24. What is l(-3)?
3
Let g(w) = 4*w - 33. Give g(8).
-1
Let w(y) = 3*y + 25. Calculate w(-6).
7
Let m(y) = 3*y**2 + y + 1. Give m(-1).
3
Let k(w) = w**2 - 9*w + 8. What is k(7)?
-6
Let l(g) = 8*g**3 + 2*g**2 - 2. Calculate l(-2).
-58
Let v(i) = -6*i + 5. Give v(3).
-13
Let d(j) = -3*j + 10. Calculate d(-9).
37
Let v(t) = 38*t - 129. What is v(3)?
-15
Let m(s) = s**2 + 2*s + 2. Calculate m(3).
17
Let t(q) = 69*q + 414. Calculate t(-6).
0
Let g(m) = m**2 + 27*m + 61. What is g(-25)?
11
Let g(s) = -s**2 + 55*s + 172. What is g(-3)?
-2
Let o(m) = m**2 + 8*m + 19. Give o(-7).
12
Let m(d) = -5*d - 8. Determine m(-8).
32
Let t(o) = 2*o - 2. Calculate t(-4).
-10
Let c(i) = 43*i - 36. Determine c(1).
7
Let a(p) = p**2 - 67. Calculate a(-9).
14
Let i(p) = -9*p - 10. Determine i(-5).
35
Let a(r) = 13*r - 89. What is a(6)?
-11
Let z(s) = -9*s - 61. Determine z(-6).
-7
Let n(h) = -5*h - 95. Determine n(-19).
0
Let h(u) = -14*u**3 + 2*u**2 + 2*u + 1. Give h(-1).
15
Let j(l) = 10*l - 1. Calculate j(2).
19
Let l(p) = -p**3 - 6*p**2 - p. Calculate l(-6).
6
Let b(q) = -72*q - 422. Determine b(-6).
10
Let c(d) = -37*d**3 - d - 1. Give c(-1).
37
Let p(n) = -4*n - 4. What is p(8)?
-36
Let v(g) = g**2 + 7*g - 8. What is v(-12)?
52
Let o(f) = 5*f - 8. What is o(7)?
27
Let k(a) = a**3 - 5*a**2 + a - 6. Determine k(3).
-21
Let p(v) = 2*v**2 - 16*v - 11. Give p(9).
7
Let r(y) = 11*y**2 - 7*y + 6. Give r(1).
10
Let p(l) = 2*l**2 + 31*l - 6. What is p(-20)?
174
Let z(k) = -2*k**2 - 42*k + 1. Give z(-19).
77
Let q(c) = -2*c**2 + c + 2. Determine q(-5).
-53
Let i(q) = -17*q - 50. Give i(-4).
18
Let z(b) = 8*b**2 - b - 3. Determine z(1).
4
Let g(n) = -n**3 - 7*n**2 - 8*n - 4. Calculate g(-5).
-14
Let z(f) = 12*f + 588. Determine z(-48).
12
Let n(o) = 34*o - 4. Give n(2).
64
Let n(z) = z**2 - 13*z - 4. What is n(14)?
10
Let c(f) = -f**2 + 11*f - 24. Determine c(8).
0
Let s(h) = h + 7. What is s(4)?
11
Let i(p) = 4*p + 1. Calculate i(-1).
-3
Let r(w) = -w**2 - 10*w + 12. What is r(-12)?
-12
Let q(b) = b**3 - 9*b**2 + 5*b + 34. What is q(8)?
10
Let l(p) = -2*p - 25. Give l(-12).
-1
Let t(y) = -y**2 + 43. Determine t(8).
-21
Let u(b) = -92*b**2 - 2*b - 3. Calculate u(-1).
-93
Let k(t) = 3*t**2 - 2*t + 22. Give k(4).
62
Let y(u) = -u - 1. Calculate y(-10).
9
Let l(h) = 64*h + 11. What is l(0)?
11
Let g(r) = -r + 1. Give g(0).
1
Let g(f) = 2*f**2 + 5*f + 33. Calculate g(-4).
45
Let i(z) = z**2 + 4*z - 22. Calculate i(-7).
-1
Let u(r) = 34*r - 225. What is u(8)?
47
Let l(q) = -q**3 + 8*q**2 - 9*q + 3. What is l(6)?
21
Let k(w) = -36*w - 312. Give k(-8).
-24
Let p(h) = h**2 - h - 16. Determine p(5).
4
Let u(d) = -d**2 + 14*d - 16. What is u(13)?
-3
Let p(z) = -2*z**3 - 13*z**2 - 8*z - 7. Give p(-6).
5
Let b(p) = 6*p - 2. Give b(1).
4
Let v(n) = n**2 - 3*n + 1. What is v(2)?
-1
Let h(i) = -12*i**3 - i**2 + 5*i - 2. What is h(1)?
-10
Let h(c) = c**3 + 13*c**2 + 9*c - 15. Give h(-12).
21
Let k(u) = -8*u - 2. What is k(-2)?
14
Let f(v) = v + 5. What is f(-8)?
-3
Let z(u) = -u**2 - 8*u - 4. Determine z(-6).
8
Let v(g) = 2*g**3 + 13*g**2 + 6*g - 12. Determine v(-6).
-12
Let w(r) = r**2 + 21*r - 254. Give w(-30).
16
Let w(f) = f + 12. What is w(-5)?
7
Let w(b) = -26*b + 49. Calculate w(2).
-3
Let z(j) = j**2 + 9*j + 12. Determine z(-8).
4
Let t(a) = a - 7. Calculate t(-4).
-11
Let s(g) = 2*g**3 - 27*g**2 - 14*g + 2. Give s(14).
2
Let s(k) = -k**3 + 10*k**2 + 12*k - 10. Give s(11).
1
Let t(j) = -5*j**2 - j + 4. Determine t(-3).
-38
Let x(r) = -2*r**3 + 51*r**2 + 80*r + 1. Determine x(27).
-26
Let u(t) = -t**2 + 7*t - 14. Calculate u(6).
-8
Let o(c) = c**3 + 9*c**2 + 23*c + 6. Calculate o(-5).
-9
Let n(d) = -2*d**2 - 10*d + 16. What is n(-6)?
4
Let q(t) = 26*t**2 + 104*t - 2. Calculate q(-4).
-2
Let j(v) = v**2 - 10*v + 2. What is j(9)?
-7
Let w(f) = 3*f**2 + 5*f - 45. What is w(-5)?
5
Let o(c) = c + 44. Calculate o(-13).
31
Let i(o) = o**2 - 3*o - 61. What is i(9)?
-7
Let l(s) = -3*s**3 - s**2 - 2*s - 2. Give l(0).
-2
Let j(g) = 4*g**2 - 7*g - 39. What is j(5)?
26
Let w(i) = -6*i - 3. Calculate w(2).
-15
Let q(x) = -16*x**2 - 7*x + 9. Calculate q(1).
-14
Let h(d) = d**2 - 41*d + 66. Give h(39).
-12
Let u(j) = -j - 1. Calculate u(7).
-8
Let p(i) = i**3 + 9*i**2 - 10*i + 6. What is p(-10)?
6
Let b(s) = 2*s - 1. Determine b(3).
5
Let d(y) = -2*y**2 + 24*y - 90. Calculate d(4).
-26
Let z(k) = 3*k - 8. What is z(-12)?
-44
Let p(g) = 3*g + 11. Calculate p(5).
26
Let c(w) = -2*w**2 + 3*w - 7. What is c(-6)?
-97
Let f(c) = c**3 - 9*c**2 + 5*c + 22. What is f(8)?
-2
Let f(t) = -t**2 - 10. Give f(0).
-10
Let b(m) = 78*m - 153. Determine b(2).
3
Let g(w) = -4*w + 1. What is g(8)?
-31
Let n(d) = -3*d**2 + 81*d + 93. Calculate n(28).
9
Let z(q) = q**2 + 7*q. Give z(-6).
-6
Let p(i) = 3*i**2 + 7*i - 46. Calculate p(4).
30
Let g(z) = -4*z + 108. Give g(28).
-4
Let k(g) = -g**3 - 12*g**2 + 10*g - 13. What is k(-13)?
26
Let k(q) = -q**3 - q**2 + 4*q - 1. What is k(-3)?
5
Let r(d) = -d**2 + 5*d + 13. Give r(5).
13
Let r(c) = 2*c**2 + 6*c - 2. Determine r(-5).
18
Let z(v) = -v**3 + 12*v**2 - 5*v + 2. Give z(11).
68
Let h(t) = 4*t**3 - t**2 - 5*t - 7. Give h(-2).
-33
Let k(r) = -r**2 - 14*r - 31. Give k(-10).
9
Let s(b) = b**3 - 3*b. Give s(-3).
-18
Let c(b) = -b**2 - 4*b + 3. Calculate c(-5).
-2
Let r(t) = t**3 + 8*t**2 + 14*t + 10. Determine r(-6).
-2
Let q(m) = 2*m + 3. What is q(3)?
9
Let g(m) = -2*m**3 - 4*m**2 + 3*m + 4. Determine g(3).
-77
Let z(l) = -12*l + 43. What is z(4)?
-5
Let o(h) = h**3 - 6*h**2 - 2*h + 4. Calculate o(6).
-8
Let w(x) = -4*x**3 + 6*x**2 - 14*x - 1. Give w(2).
-37
Let a(k) = k**2 - 9*k - 1. Give a(5).
-21
Let s(z) = -2*z + 43. What is s(23)?
-3
Let v(s) = -6*s**2 + 34*s - 19. Give v(5).
1
Let a(d) = -d**3 + 13*d**2 - 14*d + 37. Calculate a(12).
13
Let b(r) = 9*r - 107. Determine b(23).
100
Let g(y) = -14*y**2 + 11*y - 17. Determine g(2).
-51
Let l(y) = -y**2 + 25*y + 130. Calculate l(30).
-20
Let s(m) = -m**2 - 14*m - 9. Give s(-13).
4
Let h(w) = w**3 - 7*w**2 - 8*w + 3. Determine h(8).
3
Let b(j) = -j**3 - 7*j**2 - 5*j + 1. Give b(-7).
36
Let z(j) = -j**3 + 11*j**2 - 6*j - 19. What is z(10)?
21
Let r(h) = -3*h**3 + 3*h**2 - 2*h - 2. Calculate r(2).
-18
Let n(r) = -r**2 + 19*r + 6. Give n(19).
6
Let t(p) = p**3 - 4*p**2 - 4*p - 2. What is t(5)?
3
Let z(c) = -2*c**2 - 31*c + 23. Calculate z(-16).
7
Let i(u) = u**2 + 11*u - 11. What is i(-12)?
1
Let q(k) = k**2 + 15*k + 38. Determine q(-11).
-6
Let h(i) = 5*i**2 + 2*i + 1. What is h(-1)?
4
Let v(r) = 57*r + 453. What is v(-8)?
-3
Let b(y) = y**2 + y - 5. Calculate b(-4).
7
Let v(a) = a**2 - 2*a - 14. Calculate v(8).
34
Let b(h) = -h**3 + 8*h**2 - 8*h + 7. Calculate b(7).
0
Let d(f) = -9*f - 1. What is d(1)?
-10
Let x(v) = v**2 + 13*v + 30. Give x(-5).
-10
Let f(o) = o**3 - 5*o - 3. What is f(3)?
9
Let z(j) = 5*j + 13. Give z(-13).
-52
Let w(k) = -2*k**3 + 19*k**2 + 11*k - 9. Determine w(10).
1
Let c(s) = s**2 - 3*s - 12. Determine c(9).
42
Let m(f) = -f**3 - 7*f**2 - f - 11. Calculate m(-7).
-4
Let f(z) = -z**3 + 8*z**2 - 9*z - 12. What is f(6)?
6
Let w(l) = -l**2 + 16*l + 9. Give w(18).
-27
Let c(h) = -h**3 - 16*h**2 - 13*h. Determine c(-15).
-30
Let q(k) = -2*k + 51. Give q(29).
-7
Let t(h) = 7*h**2 - 12*h - 23. Give t(-2).
29
Let u(m) = -m**3 + 4*m**2 + 70*m - 325. Determine u(5).
0
Let j(v) = -7*v - 1. Give j(5).
-36
Let d(u) = u**2 - 33*u. Calculate d(31).
-62
Let l(a) = a**3 + 6*a**2 + 5*a - 1. What is l(-6)?
-31
Let z(o) = o + 13. What is z(-10)?
3
Let i(y) = -16*y - 169. Calculate i(-10).
-9
Let k(w) = 14*w + 158. What is k(-11)?
4
Let h(r) = -5*r + 6. Calculate h(5).
-19
Let l(h) = h**3 - 10*h**2 + 2*h - 5. Give l(10).
15
Let z(x) = 51*x + 134. Determine z(-2).
32
Let u(n) = n**3 - 4*n**2 - 17*n + 15. Determine u(6).
-15
Let l(n) = -2*n**3 + 9*n**2 + 4*n - 29. Calculate l(4).
3
Let k(i) = -3*i**3 + 73*i**2 - 21*i - 48. Calculate k(24).
24
Let b(l) = -19*l - 147. What is b(-8)?
5
Let l(n) = n**3 + 16*n**2 + 10*n + 14. Determine l(-15).
89
Let q(f) = 5*f**2 - 3*f. What is q(-3)?
54
Let g(l) = l**2 - 13*l + 17. What is g(11)?
-5
Let s(q) = 7*q. Determine s(-1).
-7
Let n(b) = 94*b**2 + b - 2. Giv